hen 986 is divided by 50?
36
Calculate the remainder when 3774 is divided by 86.
76
What is the remainder when 718 is divided by 60?
58
Calculate the remainder when 940 is divided by 470.
0
Calculate the remainder when 11848 is divided by 27.
22
What is the remainder when 1042 is divided by 43?
10
Calculate the remainder when 46 is divided by 21.
4
Calculate the remainder when 200 is divided by 60.
20
Calculate the remainder when 270 is divided by 76.
42
What is the remainder when 2768 is divided by 460?
8
What is the remainder when 158 is divided by 144?
14
Calculate the remainder when 4946 is divided by 291.
290
Calculate the remainder when 78 is divided by 4.
2
Calculate the remainder when 579 is divided by 146.
141
Calculate the remainder when 2178 is divided by 363.
0
What is the remainder when 774 is divided by 189?
18
What is the remainder when 173 is divided by 53?
14
What is the remainder when 70 is divided by 41?
29
What is the remainder when 565 is divided by 417?
148
What is the remainder when 139 is divided by 6?
1
What is the remainder when 701 is divided by 45?
26
What is the remainder when 285 is divided by 11?
10
Calculate the remainder when 2353 is divided by 182.
169
What is the remainder when 126 is divided by 20?
6
What is the remainder when 273 is divided by 15?
3
What is the remainder when 841 is divided by 108?
85
What is the remainder when 107 is divided by 14?
9
Calculate the remainder when 135 is divided by 4.
3
Calculate the remainder when 191 is divided by 77.
37
What is the remainder when 20 is divided by 12?
8
Calculate the remainder when 479 is divided by 149.
32
What is the remainder when 243 is divided by 82?
79
Calculate the remainder when 345 is divided by 87.
84
Calculate the remainder when 27945 is divided by 34.
31
What is the remainder when 165 is divided by 11?
0
Calculate the remainder when 452 is divided by 66.
56
Calculate the remainder when 29999 is divided by 20.
19
Calculate the remainder when 262 is divided by 53.
50
Calculate the remainder when 245 is divided by 13.
11
Calculate the remainder when 1146 is divided by 37.
36
Calculate the remainder when 87 is divided by 8.
7
Calculate the remainder when 1299 is divided by 108.
3
What is the remainder when 7 is divided by 4?
3
Calculate the remainder when 63908 is divided by 24.
20
What is the remainder when 175 is divided by 22?
21
What is the remainder when 1869 is divided by 23?
6
What is the remainder when 13582 is divided by 24?
22
What is the remainder when 2763 is divided by 8?
3
What is the remainder when 6010 is divided by 51?
43
Calculate the remainder when 1187 is divided by 17.
14
What is the remainder when 1077 is divided by 49?
48
What is the remainder when 715 is divided by 24?
19
Calculate the remainder when 155 is divided by 65.
25
What is the remainder when 76 is divided by 7?
6
What is the remainder when 327 is divided by 33?
30
What is the remainder when 1709 is divided by 22?
15
What is the remainder when 1291 is divided by 140?
31
What is the remainder when 646 is divided by 36?
34
Calculate the remainder when 452 is divided by 12.
8
What is the remainder when 83 is divided by 24?
11
Calculate the remainder when 958 is divided by 359.
240
What is the remainder when 335 is divided by 188?
147
What is the remainder when 35806 is divided by 32?
30
Calculate the remainder when 162 is divided by 33.
30
Calculate the remainder when 323 is divided by 66.
59
What is the remainder when 1936 is divided by 19?
17
Calculate the remainder when 4937 is divided by 95.
92
Calculate the remainder when 3805 is divided by 115.
10
Calculate the remainder when 8189 is divided by 20.
9
What is the remainder when 1512 is divided by 94?
8
What is the remainder when 7702 is divided by 36?
34
Calculate the remainder when 245 is divided by 12.
5
Calculate the remainder when 184 is divided by 52.
28
What is the remainder when 3406 is divided by 12?
10
Calculate the remainder when 168 is divided by 13.
12
What is the remainder when 251 is divided by 105?
41
Calculate the remainder when 262 is divided by 39.
28
What is the remainder when 919 is divided by 23?
22
What is the remainder when 15 is divided by 4?
3
What is the remainder when 5980 is divided by 150?
130
Calculate the remainder when 247 is divided by 28.
23
What is the remainder when 323 is divided by 65?
63
Calculate the remainder when 772 is divided by 163.
120
Calculate the remainder when 2770 is divided by 83.
31
Calculate the remainder when 548 is divided by 305.
243
What is the remainder when 717 is divided by 96?
45
Calculate the remainder when 98 is divided by 20.
18
Calculate the remainder when 48 is divided by 15.
3
What is the remainder when 2484 is divided by 86?
76
Calculate the remainder when 1232 is divided by 111.
11
Calculate the remainder when 171 is divided by 86.
85
What is the remainder when 12243 is divided by 125?
118
Calculate the remainder when 638 is divided by 10.
8
What is the remainder when 517 is divided by 517?
0
Calculate the remainder when 1465 is divided by 1449.
16
Calculate the remainder when 7394 is divided by 15.
14
What is the remainder when 909 is divided by 8?
5
Calculate the remainder when 769 is divided by 55.
54
What is the remainder when 13471 is divided by 20?
11
Calculate the remainder when 422 is divided by 96.
38
What is the remainder when 1565 is divided by 251?
59
Calculate the remainder when 230 is divided by 43.
15
Calculate the remainder when 129 is divided by 15.
9
Calculate the remainder when 3519 is divided by 1755.
9
Calculate the remainder when 6833 is divided by 102.
101
Calculate the remainder when 441 is divided by 18.
9
What is the remainder when 125 is divided by 9?
8
Calculate the remainder when 399 is divided by 103.
90
Calculate the remainder when 399 is divided by 17.
8
What is the remainder when 121 is divided by 34?
19
Calculate the remainder when 1331 is divided by 31.
29
What is the remainder when 9217 is divided by 21?
19
What is the remainder when 3156 is divided by 79?
75
What is the remainder when 136 is divided by 66?
4
Calculate the remainder when 420 is divided by 48.
36
What is the remainder when 5668 is divided by 29?
13
What is the remainder when 114 is divided by 27?
6
Calculate the remainder when 15 is divided by 9.
6
Calculate the remainder when 63 is divided by 25.
13
Calculate the remainder when 11258 is divided by 139.
138
What is the remainder when 13803 is divided by 39?
36
What is the remainder when 41390 is divided by 26?
24
What is the remainder when 2621 is divided by 64?
61
What is the remainder when 123 is divided by 9?
6
Calculate the remainder when 118 is divided by 12.
10
What is the remainder when 868 is divided by 15?
13
What is the remainder when 354 is divided by 17?
14
What is the remainder when 1635 is divided by 6?
3
What is the remainder when 2725 is divided by 2713?
12
What is the remainder when 1020 is divided by 57?
51
Calculate the remainder when 305 is divided by 82.
59
Calculate the remainder when 1369 is divided by 7.
4
What is the remainder when 4982 is divided by 14?
12
Calculate the remainder when 2235 is divided by 38.
31
Calculate the remainder when 1292 is divided by 63.
32
Calculate the remainder when 423 is divided by 16.
7
What is the remainder when 1714 is divided by 11?
9
What is the remainder when 243 is divided by 61?
60
What is the remainder when 590 is divided by 149?
143
What is the remainder when 246 is divided by 59?
10
What is the remainder when 16235 is divided by 22?
21
What is the remainder when 180 is divided by 13?
11
What is the remainder when 135 is divided by 47?
41
What is the remainder when 13568 is divided by 46?
44
What is the remainder when 4737 is divided by 25?
12
Calculate the remainder when 107 is divided by 59.
48
What is the remainder when 7886 is divided by 79?
65
What is the remainder when 184 is divided by 170?
14
What is the remainder when 3900 is divided by 18?
12
Calculate the remainder when 965 is divided by 389.
187
Calculate the remainder when 248 is divided by 25.
23
Calculate the remainder when 53 is divided by 3.
2
Calculate the remainder when 306 is divided by 103.
100
Calculate the remainder when 217 is divided by 216.
1
Calcula